 - 24. Let m(x) = x**2 - 13*x - 78. Let u be m(17). Calculate o(u).
-14
Let r be (-6 - -3 - (-28)/8)*6. Let g(z) be the second derivative of 2*z**3/3 - 2*z**2 + 6*z. Calculate g(r).
8
Let b(a) be the second derivative of a**6/120 - a**5/10 - a**4/4 - 2*a**3/3 - 13*a**2/2 - 14*a. Let q(z) be the first derivative of b(z). Determine q(7).
3
Let l(u) = 9*u - 1. Let f(a) = -10*a + 1. Let w(x) = 2*f(x) + 3*l(x). What is w(-6)?
-43
Suppose 49*o + 210 = 19*o. Let p(d) = 3*d**2 + 23*d + 15. Calculate p(o).
1
Let o(k) be the second derivative of -k**5/20 + k**4/4 + k**3 + 7*k**2/2 + 316*k + 3. Suppose 5 = -0*c + c. What is o(c)?
-13
Let w(u) = 9*u + 6. Let l(y) = 9*y + 9. Let c(g) = -5*l(g) + 6*w(g). Determine c(-5).
-54
Suppose -3*o = o. Let c(i) = i**3 - 5*i**2 - 5*i - 32. Let a(b) = -2*b**3 + 11*b**2 + 11*b + 73. Let z(f) = -4*a(f) - 9*c(f). What is z(o)?
-4
Let z(o) = o**3 + 5*o**2 + o + 2. Let p(a) = -a**3 - 4*a**2 - a - 1. Let k(x) = -6*p(x) - 5*z(x). Let s be (-1)/(-2)*(0 - 0). What is k(s)?
-4
Let q(c) be the third derivative of c**5/60 + c**4/24 + c**3 + c**2. Let x be 0/(2 + 1)*(-1 + 2). Let n be q(x). Let d(i) = -i + 1. Determine d(n).
-5
Let g(x) be the first derivative of 5*x**2/2 + 129. Give g(6).
30
Let j = -610 + 611. Let c(m) = -3*m - 3. Let d(b) = -2*b - 4. Let q(r) = 5*c(r) - 4*d(r). Calculate q(j).
-6
Let q(s) = -9*s**2 + 5*s + 8. Let v(a) = 26*a**2 - 15*a - 23. Let c(j) = 17*q(j) + 6*v(j). Give c(4).
26
Suppose 26 = -2*a - 3*b, -a = 4*a + 5*b + 60. Let o be a/50 + 68/(-10). Let f(t) = t**2 + 7*t + 3. Calculate f(o).
3
Let v(q) = -1000*q + 1002*q + 2*q**3 + 2*q**2 + 0*q**3 + 2. Determine v(-2).
-10
Let i be (2/(-6))/((-2)/3)*158. Let m(k) = 78*k + 1 - i*k + 1. Give m(5).
-3
Let l(k) = -k + 1. Let u = 10 - 11. Let w(i) = -5*i + 7. Let f(d) = u*w(d) + 6*l(d). Let b(t) = t + 6. Let q be b(-6). Calculate f(q).
-1
Let x(c) = -c - 1. Suppose 4*l + n - 16 = -3*n, -8 = 4*l - 4*n. Let f be 4/1*l/(-2). Determine x(f).
1
Let u(d) = -d + 2. Let b(r) = 4*r - 13. Let o(s) = -b(s) - 5*u(s). Determine o(-2).
1
Let f(b) = -b + 2. Let p(d) = -2*d + 5. Let j(u) = 5*f(u) - 3*p(u). Suppose k = 2*r + 3*r + 31, -5*k - r + 25 = 0. What is j(k)?
1
Let g(t) = t - 1. Suppose o + 2*o - 9 = 0. Suppose 3*k + 3 = -4*d, -4*d - 2*k = -o*d - 3. What is g(d)?
-4
Let i = 32 - 15. Suppose 3*d = -4*w - 79, d - 9 - 9 = w. Let a = i + w. Let v(s) = -s**3 - s**2 - s - 2. Give v(a).
4
Let x(b) = -b + 12*b**2 + b**3 - 4*b**3 + 3*b**3 + 884 - b**3 - 870. What is x(12)?
2
Let r(v) be the first derivative of -v**3/3 - 16*v + 70. Let p(c) = -2*c + 7. Let i be p(8). Let b(t) = 4. Let x(k) = i*b(k) - 2*r(k). What is x(-3)?
14
Let z(x) = -x + 23. Let t(g) = g**3 - 7*g**2 + 5*g + 6. Let m be t(6). Calculate z(m).
23
Let u(s) = -s + 1. Let g = -2 - -24. Let r = -27 + g. Calculate u(r).
6
Let i(a) be the third derivative of -a**6/120 + a**5/60 - 5*a**4/24 + 2*a**3/3 + 8*a**2 + 1. What is i(3)?
-29
Let q(j) = j**2 - 3*j - 3. Let s(h) = h**3 + 7*h**2 + 2*h - 14. Let d be s(-6). Suppose 6*k - 13 = 17. Let z = d - k. Give q(z).
7
Let r(n) = 6 + 0*n - 29 + n + 28. Let g be ((-10)/(-3))/((-4)/(-6)). Determine r(g).
10
Let y(d) = 8*d + 11. Let j be 3*6/18*-3. Give y(j).
-13
Let q(x) be the third derivative of x**8/20160 - x**7/1260 - x**6/720 - 2*x**5/15 + 17*x**2. Let y(p) be the third derivative of q(p). Give y(4).
-1
Let k(g) = -10*g + 24. Let h be k(2). Let y(w) be the third derivative of 0 - 2/3*w**3 - 1/24*w**h + 6*w**2 + 0*w. What is y(-3)?
-1
Suppose -14*x + 9*x = t - 93, 4*x + 3*t - 81 = 0. Let p(b) = b**3 - 17*b**2 - 22*b + 78. Calculate p(x).
6
Suppose -5*i = -3*s - 57, 12*s - 9*s - 3*i + 45 = 0. Let x(m) be the first derivative of -m**3/3 - 4*m**2 + 3*m + 1. Determine x(s).
-6
Let b(t) = -2*t**3 - 3*t**3 - 10*t + 40*t + 3*t**3 - 28*t. What is b(-2)?
12
Let b(l) = 3*l**3 + l**2 + l + 1. Let d be (-4)/3*141/94. What is b(d)?
-21
Let o(c) = -2*c - 1. Let x be o(1). Let m(p) = p**3 + 5*p**2 + 3*p + 2. Determine m(x).
11
Let i be (-2)/9 + (116/36 - 3). Let f(d) = 0 + i*d - 2*d - 3 + 4. Calculate f(-3).
7
Let a(z) = z**2 + 6*z. Let u = 640 + -650. Give a(u).
40
Let w(h) = h**3 + 7*h**2 + 7*h + 9. Let c be 1*8/(-12) + (-168)/(-9). Let p = 4 - 0. Suppose x = p*x + c. Determine w(x).
3
Let c(r) = -4*r**3 - 10*r**2 + 2*r + 4. Let m(q) = -q**3 - 3*q**2 + q + 2. Let p(b) = c(b) - 5*m(b). Suppose -2*s - 10 = -0*s. Determine p(s).
9
Let d(x) = 2*x + 25. Suppose -1871 = -7*u - 1962. Give d(u).
-1
Let q(o) = -o**2 - 3*o. Let w be q(-4). Let z = w + 6. Let h(s) = -4*s**z + 3 - s - 1 - 6*s + s**3. Determine h(5).
-8
Let s(w) be the first derivative of -w**5/20 + w**4/6 + 5*w**3/6 - 2*w**2 - 17*w + 10. Let m(c) be the first derivative of s(c). Give m(3).
2
Let k(v) = -v**2 + 6*v - 3. Suppose -9 = 4*p - 17. Calculate k(p).
5
Let q(p) = 378*p + 0 - 193*p + 0 - 190*p - 2 - 2*p**2. Let l(g) = 2*g + 12. Let c be l(-8). What is q(c)?
-14
Let p(r) = r + 8. Let k be 1/(-2) - (-9)/2. Let t(l) = -2*l - 7. Let h(u) = k*p(u) + 5*t(u). Calculate h(-2).
9
Let r be 2/(-11) - (-2250)/33. Suppose 4*o - 3*y = -99, -4*y + 3*y + r = -3*o. Let f be (-14)/o*3/2. Let x(k) = -7*k**2 - 1. Determine x(f).
-8
Let h(u) = -261023*u**2 - 5*u**3 + 261023*u**2 - u. Let i be (-4 + 4)*2/(-4). Suppose i*v + 3 = 3*v. What is h(v)?
-6
Let l be (-5)/(-1) - (4 - (1 + -5)). Let a(d) = -d**2 - 3*d + 1. Determine a(l).
1
Let f(l) = l**2 + 17*l - 6. Let q(i) = -i - 4. Let t(p) = f(p) - q(p). Give t(-18).
-2
Let k(j) be the second derivative of j**5/20 + 5*j**4/6 + 3*j**3/2 - j**2/2 - 2*j - 45. Determine k(-9).
-1
Let n(y) be the third derivative of y**6/120 - y**5/30 - y**4/8 + 177*y**2. Give n(4).
20
Let p(s) = -52 - 25 - s + 101 - 4*s - 52. What is p(-8)?
12
Let w be 92/3 + 4/(-6). Suppose 0*y + w = 5*y. Let s be (-16)/(-12) - (-4)/y. Let q(j) = 3*j**2 - 3*j + 1. Give q(s).
7
Let a(g) = -32*g - 104. Let k(u) = 11*u + 35. Let f(o) = 7*a(o) + 20*k(o). What is f(-7)?
0
Let h(x) = -x + 2. Suppose -4*l - 1019 = -907. Suppose 7*r = 3*r - 116. Let c = l - r. Determine h(c).
1
Let i(v) = 4*v - 66. Let w be i(19). Let t(q) = 3*q - 18. Determine t(w).
12
Let x(s) = -2*s - 1. Suppose -4*a + 71 = 4*o + 11, 81 = 5*a + 2*o. Let v be 1 + 0 + (15 - a). Give x(v).
1
Let s(j) = -7*j**2 - 8 + 19 + 2*j**3 + 10*j - 3*j**3. Calculate s(-8).
-5
Let r = -146 + 150. Let o(k) = -6*k - 11. Let j(w) = 2*w + 4. Let l(a) = -11*j(a) - 4*o(a). Determine l(r).
8
Let t = 42 + -33. Let a(f) = f**2 - 9*f - 4. Determine a(t).
-4
Let l(b) = b - 4. Let g be l(6). Let n(w) = 4*w + 2*w**2 - 3 - 2*w**g + w**3 - 4*w**2. Suppose 2*d = -3*d + 15. Calculate n(d).
0
Let v(l) be the second derivative of 1/20*l**5 + 0 - 3/4*l**4 - 3*l**2 - l + 1/3*l**3. Give v(9).
12
Let l(d) = -d**3 + 4*d**2 + d + 9. Let o be (3 - -6)*(-6)/(-9) - 1. What is l(o)?
-11
Let s(i) = i - 11. Let v(l) = 2*l - 21. Let g(o) = 5*s(o) - 3*v(o). Suppose 5*f + 5 - 20 = 0. Suppose -3*a - f*b = -18, 7*b - 4*b = 0. Determine g(a).
2
Let q(s) be the third derivative of s**6/240 + 3*s**5/40 - s**4/12 - 9*s**2. Let k(v) be the second derivative of q(v). Let c = 3 - 9. Calculate k(c).
-9
Let b(l) = -12*l - 36. Let t(v) = 14*v + 39. Let h(s) = -6*b(s) - 5*t(s). Give h(-11).
-1
Let h(m) = -m**2 + 4*m + 2. Let p be h(4). Let t be p + 0 + (-7)/(-7). Let a(w) = -5*w**2 - 1339 + 0*w**3 + w**3 + 3*w + 1341. Calculate a(t).
-7
Let b(q) = q**2 + 13*q + 1. Suppose 70*x + 568 = -342. Give b(x).
1
Suppose -68*c - 15 = -65*c. Suppose -8 - 4 = -3*y. Let v(t) = -y*t**2 + 2*t**3 + t - 3*t**3 + 0*t**3 - 5. What is v(c)?
15
Let s(z) = 3*z - 1. Let x be s(-2). Let v(g) = -2*g - 3. Let a be v(-3). Let y(w) = -a + 7 + w - 2. Give y(x).
-5
Suppose 8*r - 3*r - 10 = 0. Suppose r*l - 20 = 5*t - 0*l, -l + 1 = -t. Let u(m) = m + 1. Give u(t).
-5
Let o(u) = u**2 - 11*u + 3. Let j(l) = l + 2. Suppose 0 = 5*h + q, -2*q + 2 = -8. Let x(r) = h*o(r) - 3*j(r). Determine x(6).
3
Suppose 18*s = s + 136. Let o(z) = -z - 4. What is o(s)?
-12
Let u(g) be the second derivative of -9*g + 0 - 1/12*g**4 - 1/2*g**2 + 1/3*g**3. Suppose 2*o = 4 + 4. Determine u(o).
-9
Let t(g) = -2*g**3 + 15*g**2 + 9*g + 4. Let v be t(8). Let f(d) = 8*d - 21 - v + 48 - 16. Calculate f(-1).
-9
Let b = 1690 - 1689. Let s(q) = 3*q**2 - q + 2. Give s(b).
4
Suppose -766*b + 770*b = 16